he greatest common factor of 16126 and 1169278?
22
What is the highest common factor of 4630563 and 1176?
21
Calculate the greatest common factor of 443814 and 1358.
14
What is the greatest common divisor of 14 and 4619174?
14
What is the greatest common divisor of 628348752 and 27?
27
Calculate the greatest common factor of 180 and 11630331.
9
What is the highest common factor of 106672806 and 5276?
2638
What is the greatest common divisor of 289441514 and 86?
86
What is the greatest common divisor of 738 and 19240767?
369
Calculate the highest common divisor of 940 and 23866976.
188
Calculate the highest common divisor of 112 and 15037274.
14
Calculate the highest common divisor of 6099480 and 5.
5
Calculate the greatest common divisor of 36738475 and 6335.
905
Calculate the greatest common factor of 349530 and 263215.
305
What is the greatest common factor of 3500375 and 123?
41
What is the highest common divisor of 56626 and 46?
46
What is the greatest common divisor of 144820 and 55978?
26
Calculate the highest common factor of 496396 and 10808.
772
Calculate the greatest common divisor of 408260 and 3874.
298
What is the highest common divisor of 20864 and 29760?
64
Calculate the highest common factor of 19592 and 35201926.
4898
Calculate the greatest common factor of 8165 and 15295.
115
What is the greatest common factor of 4971 and 236687537?
1657
Calculate the greatest common factor of 3972 and 2472901.
331
Calculate the greatest common divisor of 1748109 and 2409.
33
What is the greatest common divisor of 80 and 10025360?
80
Calculate the highest common divisor of 20 and 6897140.
20
Calculate the greatest common divisor of 466 and 79298521.
233
Calculate the greatest common factor of 8533924 and 13647.
4549
Calculate the highest common factor of 13595493 and 12599.
293
What is the greatest common divisor of 256 and 14739248?
16
What is the greatest common divisor of 60233 and 40612586?
1943
Calculate the greatest common factor of 335142 and 134289.
387
Calculate the greatest common factor of 211532790 and 126.
42
What is the greatest common factor of 5273715 and 25755?
1515
Calculate the greatest common divisor of 165 and 75867.
33
What is the greatest common factor of 248896912 and 8?
8
Calculate the greatest common divisor of 2690 and 45996310.
2690
Calculate the greatest common divisor of 2765 and 55977425.
2765
What is the highest common divisor of 183 and 6087373?
61
What is the greatest common factor of 6752 and 13114072?
1688
Calculate the highest common divisor of 1962 and 29145946.
218
What is the greatest common factor of 709136 and 2811493?
1927
What is the highest common factor of 126 and 195040419?
21
Calculate the greatest common factor of 299664 and 1720987.
2081
What is the greatest common divisor of 85298980 and 496?
124
Calculate the highest common factor of 7800 and 1695000.
600
What is the highest common factor of 70 and 176618?
2
Calculate the highest common divisor of 80385 and 5717820.
3495
Calculate the greatest common factor of 4431 and 3569909.
1477
Calculate the greatest common factor of 160 and 39409080.
40
What is the highest common divisor of 208837712 and 60881?
2647
What is the highest common divisor of 2610 and 43015410?
2610
What is the greatest common divisor of 8884 and 1267267064?
8884
What is the highest common divisor of 201664 and 311744?
64
What is the greatest common divisor of 826112859 and 9438?
4719
Calculate the highest common divisor of 1917 and 168554.
71
Calculate the highest common factor of 2090 and 27174598.
418
Calculate the highest common divisor of 10 and 21544700.
10
What is the highest common divisor of 7 and 10941252?
7
Calculate the greatest common factor of 8927 and 535733.
113
What is the highest common factor of 1327432197 and 294?
147
What is the greatest common factor of 308 and 1372462?
14
Calculate the greatest common factor of 100729 and 405980.
383
Calculate the greatest common divisor of 6330 and 165810.
30
What is the greatest common divisor of 3177 and 367300383?
1059
Calculate the greatest common divisor of 255321966 and 122.
122
What is the greatest common factor of 1841 and 29519?
7
Calculate the highest common factor of 2896 and 115757464.
1448
Calculate the greatest common divisor of 120 and 216974320.
40
What is the highest common divisor of 29920 and 8741920?
1760
Calculate the greatest common factor of 51988443 and 65433.
3849
What is the greatest common divisor of 10196274 and 173?
173
What is the greatest common divisor of 3208 and 152408?
8
What is the highest common divisor of 13566 and 21192486?
798
Calculate the greatest common divisor of 1131 and 52862853.
87
What is the highest common divisor of 56468 and 10412?
76
Calculate the greatest common divisor of 1416 and 21237168.
1416
What is the greatest common divisor of 16050 and 117246?
6
What is the greatest common factor of 4 and 20419396?
4
What is the greatest common factor of 9360 and 487240?
520
What is the greatest common factor of 6123 and 3161004873?
6123
Calculate the greatest common factor of 33 and 8758761.
33
What is the greatest common factor of 49381113 and 464?
29
What is the greatest common divisor of 255 and 6347895?
15
What is the greatest common factor of 19339 and 28801?
83
What is the greatest common factor of 568 and 240576542?
142
What is the greatest common factor of 208770 and 84210?
30
Calculate the highest common divisor of 226089094 and 2.
2
Calculate the greatest common divisor of 460639093 and 547.
547
What is the greatest common factor of 2990776 and 14484?
68
Calculate the highest common divisor of 63 and 291773433.
21
What is the highest common factor of 4825367530 and 10?
10
What is the greatest common factor of 42 and 773121?
3
Calculate the greatest common factor of 513969159 and 4057.
4057
Calculate the greatest common factor of 2196 and 4778374.
122
What is the highest common divisor of 82 and 31501489?
41
Calculate the highest common divisor of 11755227 and 6963.
33
What is the highest common factor of 4725 and 14252175?
1575
What is the highest common factor of 1316432 and 1950?
26
What is the greatest common factor of 1356 and 32420604?
1356
Calculate the greatest common factor of 127124910 and 7425.
1485
What is the greatest common divisor of 12820500 and 1198890?
6930
What is the highest common divisor of 408611 and 71393?
1519
Calculate the highest common divisor of 51519 and 53040.
39
What is the highest common factor of 3815873 and 5?
1
What is the greatest common divisor of 9045 and 1403985?
1005
What is the greatest common factor of 1369 and 655640?
37
Calculate the greatest common factor of 8210 and 1343201155.
4105
Calculate the greatest common factor of 3997864 and 2418.
26
What is the highest common factor of 928729080 and 10?
10
What is the greatest common divisor of 763 and 667952?
109
What is the highest common divisor of 2 and 2296545?
1
What is the highest common divisor of 1102 and 758350?
58
What is the greatest common divisor of 860 and 35104340?
860
Calculate the greatest common divisor of 15768 and 65637.
27
What is the highest common divisor of 106359 and 384123?
879
What is the highest common divisor of 343275 and 471431?
4577
Calculate the highest common divisor of 7866815 and 115555.
605
What is the highest common divisor of 1472 and 253632?
64
What is the greatest common factor of 172 and 1207182?
86
What is the greatest common divisor of 739757871 and 59?
59
What is the greatest common divisor of 1476956 and 260?
52
Calculate the greatest common divisor of 173592474 and 958.
958
Calculate the highest common divisor of 2387 and 5467.
77
What is the greatest common divisor of 528354 and 657?
9
Calculate the highest common divisor of 612 and 214064442.
306
Calculate the greatest common factor of 3832395 and 2975.
595
What is the greatest common divisor of 1 and 8009662?
1
What is the highest common factor of 7415779 and 393?
131
Calculate the greatest common factor of 1123284 and 12.
12
Calculate the greatest common factor of 516267 and 2133.
27
Calculate the highest common divisor of 5342310 and 270.
90
What is the highest common divisor of 39058964 and 1204?
1204
Calculate the highest common factor of 561 and 6219433.
187
What i